f**2 + 2*f + 1/3*f**3. Give i(-3).
-1
Let m(h) be the third derivative of -h**5/60 - h**4/24 - h**3/2 + 2*h**2. Calculate m(0).
-3
Let q(f) = f**2 + 5*f + 7. Let j(s) = -s**2 + 16*s - 20. Let h be j(15). Give q(h).
7
Let a(t) = 2*t**2 + 25*t - 13. Let c be a(-13). Let n(r) = -r + 8. Calculate n(c).
8
Let o(g) = 10*g + 1. Suppose 2*u - 8 = -2*u. Suppose -2*c + 5*k + 13 = 0, -u*k + 0 - 6 = 0. Give o(c).
-9
Let w(f) = -9*f**3 + f**2 - 12*f**3 + 25*f**3 - 9*f**3. Calculate w(1).
-4
Suppose 0 = 2*s - 2 - 2. Let q(r) = -2*r**3 - 2*r**2 - 4*r + 6. Let m(k) = k**2 + k - 1. Let i(b) = -4*m(b) - q(b). What is i(s)?
6
Let c(u) = -u**2 - 5*u - 3. Let s be c(-3). Let k(d) = d - 4*d**3 + 2*d**s - d**3. Calculate k(1).
-2
Suppose 0 = -0*u + 4*u - 2*d - 42, 0 = -4*u + 3*d + 45. Let t(i) = -i**2 + 11*i - 8. Determine t(u).
10
Let l(a) = 4*a - 4. Let b be 3 + -2*(-2)/4. What is l(b)?
12
Suppose y + 2*s + 2 = 0, y + 4*s = -0*y - 4. Let n(o) = y + 1 - 2 + 3*o - o**2 + o. Calculate n(5).
-6
Let p(s) be the third derivative of -4*s**2 + 0*s + 1/20*s**5 + 0*s**3 + 1/12*s**4 + 1/120*s**6 + 0. Determine p(-2).
0
Let u(j) be the first derivative of j**3/3 + 5*j**2/2 + 5*j + 3. Let r(n) = -17*n - 1. Let o be r(-1). Let z = 11 - o. Determine u(z).
5
Let k(x) = -x**3 - 7*x**2 + x + 5. Let g be k(-7). Let d(r) = 2*r**3 + 2*r**2 - 3*r - 2. Give d(g).
-4
Let m = -2 - -2. Suppose m = v + v. Suppose t - 6*t - 3*y + 13 = 0, v = -2*t + 5*y - 1. Let s(k) = -k**3 + 2*k**2 - 2*k - 1. Calculate s(t).
-5
Let p(v) be the second derivative of v**5/120 + v**4/12 - v**3/2 + 4*v. Let d(y) be the second derivative of p(y). Give d(-6).
-4
Let t(z) = 14*z + 6. Let r = -12 + 6. Let v(w) = -1. Let q(m) = -5*m + 4. Let i(l) = r*v(l) - q(l). Let k(f) = -8*i(f) + 3*t(f). Give k(-5).
-8
Suppose 2*n = -3*n - 5*z + 40, 2*n - 5*z - 16 = 0. Let i(x) = x**2 - 5*x - 10. Give i(n).
14
Let z(r) = -r**3 - r**2 + 3*r - 7. Let a(x) = -2*x**3 - 2*x**2 + 4*x - 7. Let k(m) = -2*a(m) + 3*z(m). Let w = 0 - 0. Determine k(w).
-7
Suppose -15 = 2*g - 13. Let t(i) = 10*i**2 - 1. Give t(g).
9
Let x(c) = 2*c - 6. Let k = -77 - -82. Calculate x(k).
4
Let f(v) = 3*v**2 + 6*v - 6. Let j = -6 - -4. Let l(a) = 7*a**2 + 13*a - 13. Let b(s) = j*l(s) + 5*f(s). Suppose 2*y = -2*o - 6, 3*y + 1 = -o - 0*o. Give b(o).
-4
Let v(x) = 2*x**2 - x**2 + 3*x + 8 - 2*x. Determine v(0).
8
Let r(l) = -5*l**2 + 3*l - 9. Let z(m) = 3*m**2 - m + 3*m - 4 - 7*m**2 - 4. Let o(w) = 5*r(w) - 6*z(w). Calculate o(5).
-7
Let c(h) = -h**2 + 2*h + 2. Let s be 2 + 3 + (-1)/1. Calculate c(s).
-6
Let f = -4 + -1. Let d be -7*((-24)/21 + 2). Let q(v) = 11*v - 33. Let g(b) = -5*b + 16. Let r(w) = d*q(w) - 13*g(w). Determine r(f).
-5
Let o be ((-12)/15)/(1/(-5)). Let n(u) = -u**3 + 4*u**2 - 3*u + 6. Determine n(o).
-6
Let j be (1 + 0)*(6 + -1). Let f(m) = 10*m - 1. Let d be f(1). Let n = j - d. Let g(l) = 2*l + 3. Calculate g(n).
-5
Let z = 6 + -4. Let m(r) = -r - 5. Suppose 6*q - 4 = -40. Let j(g) = -g - 6. Let a(v) = q*m(v) + 5*j(v). Give a(z).
2
Let t(m) = m. Let r be 3 + -2*(-2 + 0). Let j = -4 - 0. Let a = j + r. Determine t(a).
3
Let t(a) = -a**2 - 3*a - 1. Let g(l) = -l**2 - 4*l. Let s(d) = 3*g(d) - 2*t(d). Let v be (-17)/4 - 2 - (-26)/104. What is s(v)?
2
Let x be 0/9*(-2)/4. Suppose x = -s + 2*s. Let o(l) be the first derivative of -l**3/3 + l**2/2 + 6*l - 1. Determine o(s).
6
Let i(b) = -6*b + b**2 + 3*b - 3*b - 8. Determine i(6).
-8
Let b(c) = -7*c + 6 - c**3 + 6*c**2 - 4*c**2 + 3*c**2. Give b(4).
-6
Suppose 54 - 6 = 3*k. Let f(a) = -3*a**2 - 3*a**2 - 8 + a**3 + k - 4*a. What is f(6)?
-16
Let y(k) = -9*k**2 + 3*k. Let z(h) = -6*h**2 + 2*h. Let u(a) = -5*y(a) + 8*z(a). Give u(1).
-2
Let b(c) = 522*c**2 + 3 - 523*c**2 - 5. Calculate b(2).
-6
Let n(u) = -u - 1 - 4*u + 5*u + u. Give n(4).
3
Let c(g) = g**2 - 5 - 2 - 10*g + 0*g**2 + 17. What is c(9)?
1
Suppose 2*c + 9 = -5*n, 3*n + 7 + 14 = 4*c. Let o(r) = -r - 1 + 0 - 3*r - r**2 + 2*r**c + 2*r. Let i = 1 - 2. Determine o(i).
-2
Let l = 13/7 - 305/168. Let f(i) be the third derivative of 0*i + l*i**4 + 7/6*i**3 + 0 + i**2. Determine f(0).
7
Let v = 3 - 0. Let u(y) be the second derivative of 2*y - 1/6*y**4 + 1/2*y**2 + 2/3*y**3 + 0. What is u(v)?
-5
Let g(f) be the third derivative of -f**6/120 - f**5/20 + 5*f**4/24 + 5*f**2. Let s be (-1 - 1)/((-6)/(-12)). Calculate g(s).
-4
Suppose -6*v + 2*v + 20 = -m, 0 = 3*v + 3*m - 15. Let n(f) = -f + 2. Give n(v).
-3
Suppose 0 = -4*x - 15 + 3. Let j(v) = -v**2 - 4*v - 3. Calculate j(x).
0
Let f(u) = -14*u**3 + 2*u**2 + u. Let i(r) = -r**2 + 3*r + 3. Let y be i(4). Calculate f(y).
15
Let m(b) = -b**3 - 2*b**2 + 3*b + 3. Let z be m(-3). Let s(c) be the second derivative of c**3/6 - c. Calculate s(z).
3
Let a = 13 - 19. Let t(k) = 0*k + 4*k - 6 - 2 - 6*k. What is t(a)?
4
Let f(j) = 2*j + 2. Let n = 3 - 1. Suppose 0 = -s - n*s + 12. Suppose 0 = 5*c + 2*a + 23, -5*a + s = -5*c + 9. Give f(c).
-4
Let v(x) = x + 1. Let f(q) = 5*q + 4. Let u(p) = f(p) - 4*v(p). Calculate u(-8).
-8
Let k = -13 + 18. Suppose k*w - 2*w - 60 = 0. Suppose -2*b - 3*b = w. Let t(f) = 2*f + 2. Calculate t(b).
-6
Let n(d) be the second derivative of -d**4/12 + d**3/3 - d**2 + 3*d. Suppose -5*y = -y - 8. Let z = y - 0. Determine n(z).
-2
Let d(b) = 7*b - 1. Let h(u) be the second derivative of -u**3/2 + u**2/2 - 2*u. Let v(c) = 2*d(c) + 5*h(c). Let j be (-10)/4*-2 + -1. What is v(j)?
-1
Let w(z) be the first derivative of z**6/360 - z**4/6 - z**3/3 + 1. Let i(l) be the third derivative of w(l). Suppose 3*y + 44 - 53 = 0. Calculate i(y).
5
Suppose -s + 2 - 4 = 0. Suppose 5*d = 3*d + 10. Let u(p) = 5 - d - 2 + p**3 + 4*p**2 + p. Give u(s).
4
Let s be (-13)/(-4)*(0 - 4). Let c = s + 17. Let z(j) = -j + 5. Determine z(c).
1
Let x = -15 - -24. Let p(g) = 2*g - 12. Calculate p(x).
6
Let j = -3 - -4. Suppose -3*d + 8*d = 0. Let m(p) = -7*p + d*p + p. Give m(j).
-6
Let t(w) = -w + 3. Let y be (2 + (-4)/1)*(-4)/4. Calculate t(y).
1
Let o be 3 - 9/6*2. Let n(g) = -2 - 4*g - 6*g**2 + 3*g**2 + 5*g + 4*g**2. Determine n(o).
-2
Suppose 2*z = 4*r + 10, 5*z + 6*r = 3*r - 1. Let k(j) = 4 + j**2 - z - 2*j**2. Let t = 5 + -2. Determine k(t).
-6
Let x(j) = j**3 + j - 2. Let s be (6/(-9))/(4/(-18)). Let z(o) = -o**2 + 4*o - 3. Let c be z(s). Let h(q) = q. Let i be h(c). Calculate x(i).
-2
Suppose -w - 18 = 2*w. Let d be (-8)/w*(-12)/(-4). Let h(n) = n**3 - 5*n**2 + n + 4. Determine h(d).
-8
Let b(r) = -r**3 - 6*r**2 + 8*r - 10. Let w be b(-7). Let u = w + 14. Let p(v) = v - 2. What is p(u)?
-5
Let x be 26/7 - (-2)/7. Suppose p = -x*p + 25. Let k = -6 + p. Let w(h) = h**2 + 2*h + 1. Determine w(k).
0
Let y(m) be the second derivative of -3*m**2 + 2*m - 1/6*m**3 + 0. Give y(0).
-6
Suppose -2*g = 2*g. Let q(f) = 2 + g*f + 0*f - 2*f. Calculate q(5).
-8
Let w(i) be the third derivative of i**5/60 - i**4/24 - i**3/6 - 5*i**2 - 3. What is w(3)?
5
Let r = -4 + 4. Suppose -4*d + 7 + 1 = r. Suppose -q - d = -4. Let n(i) = -2*i + 2. What is n(q)?
-2
Let k(z) = -z**2 + 3*z - 5 + 19*z - 12*z. Calculate k(7).
16
Suppose -6*n = -2*n - 16. Let l = 6 - n. Let d(a) = -a**3 + 2*a**2 - 2*a - 2. Determine d(l).
-6
Suppose -a = -3 + 7, -2*q + 2*a + 4 = 0. Let k(o) = -2*o**2 - o. Determine k(q).
-6
Let u(r) = r**3 - 2*r**2 + 6*r - 3. Let f(d) = -d**3 + d**2 - 7*d + 2. Let q(t) = 3*f(t) + 4*u(t). Suppose 2 + 2 = i. What is q(i)?
-10
Let p(y) = y**3 - 11*y**2 + 9*y - 6. Let d(v) = v**3 - 10*v**2 + 8*v - 5. Let k(b) = 6*d(b) - 5*p(b). Determine k(4).
-4
Let g(z) = z**2 + 20*z - 22. Let x be g(-21). Let f(p) = -12*p**3 + 1. Give f(x).
13
Let z(p) be the second derivative of p**5/20 + 5*p**4/12 - p**3/6 - p**2 + 4*p. Calculate z(-5).
3
Let q(c) = -14*c**2 + 2*c - 17. Let a(u) = 5*u**2 - u + 6. Let h(d) = -11*a(d) - 4*q(d). Determine h(3).
20
Let c(v) = 12*v**2 - 1. Let u = -6 + 7. Calculate c(u).
11
Let p(o) = 14*o**2 + 14*o - 14. Let f(t) = -5*t**2 - 5*t + 5. Suppose -5*i + 15 = -5. Let m(z) = i*p(z) + 11*f(z). Determine m(0).
-1
Let a be (-1 - 5)/(-2 + 0). Suppose -p + v = -a, -3*p + v + 5 = -p. Let l(j) = -j + j**3 - 5*j**2 - p*j**3 + 2*j. Determine l(-5).
-5
Let l(j) = -4*j + j + 5 - 1 - 2. Let m(i) = i**3 + 5*i**2 + 4*i + 2. Let g be m(-4). What is l(g)?
-4
Let g = 11 + -8. Let c(h) = 2*h - 8. Let y be c(6). Let p(v) = v**3 - 3*v**2 - 